{"id":436,"date":"2016-05-26T08:57:09","date_gmt":"2016-05-26T08:57:09","guid":{"rendered":"http:\/\/laurent.di-filippo.fr\/?page_id=436"},"modified":"2024-10-19T08:09:00","modified_gmt":"2024-10-19T08:09:00","slug":"436-2","status":"publish","type":"page","link":"https:\/\/laurent.di-filippo.fr\/?page_id=436","title":{"rendered":"Annexe II.28 \u2013 Le p\u00e8re du Givre encha\u00een\u00e9"},"content":{"rendered":"<p>Source\u00a0 : <em>Age of Conan: Hyborian Adventures<\/em><\/p>\n<p>Capture d&rsquo;\u00e9cran personnelle<\/p>\n<p><a href=\"https:\/\/laurent.di-filippo.fr\/?attachment_id=437\" rel=\"attachment wp-att-437\"><img loading=\"lazy\" decoding=\"async\" class=\"aligncenter size-full wp-image-437\" src=\"https:\/\/laurent.di-filippo.fr\/wp-content\/uploads\/2016\/05\/Lucinda_picture222.jpg\" alt=\"Lucinda_picture222\" width=\"1680\" height=\"1050\" srcset=\"https:\/\/laurent.di-filippo.fr\/wp-content\/uploads\/2016\/05\/Lucinda_picture222.jpg 1680w, https:\/\/laurent.di-filippo.fr\/wp-content\/uploads\/2016\/05\/Lucinda_picture222-300x188.jpg 300w, https:\/\/laurent.di-filippo.fr\/wp-content\/uploads\/2016\/05\/Lucinda_picture222-768x480.jpg 768w, https:\/\/laurent.di-filippo.fr\/wp-content\/uploads\/2016\/05\/Lucinda_picture222-1024x640.jpg 1024w\" sizes=\"auto, (max-width: 1680px) 100vw, 1680px\" \/><\/a><\/p>\n","protected":false},"excerpt":{"rendered":"<p>Source\u00a0 : Age of Conan: Hyborian Adventures Capture d&rsquo;\u00e9cran personnelle<\/p>\n","protected":false},"author":1,"featured_media":0,"parent":0,"menu_order":0,"comment_status":"closed","ping_status":"closed","template":"","meta":{"footnotes":""},"class_list":["post-436","page","type-page","status-publish","hentry"],"_links":{"self":[{"href":"https:\/\/laurent.di-filippo.fr\/index.php?rest_route=\/wp\/v2\/pages\/436","targetHints":{"allow":["GET"]}}],"collection":[{"href":"https:\/\/laurent.di-filippo.fr\/index.php?rest_route=\/wp\/v2\/pages"}],"about":[{"href":"https:\/\/laurent.di-filippo.fr\/index.php?rest_route=\/wp\/v2\/types\/page"}],"author":[{"embeddable":true,"href":"https:\/\/laurent.di-filippo.fr\/index.php?rest_route=\/wp\/v2\/users\/1"}],"replies":[{"embeddable":true,"href":"https:\/\/laurent.di-filippo.fr\/index.php?rest_route=%2Fwp%2Fv2%2Fcomments&post=436"}],"version-history":[{"count":2,"href":"https:\/\/laurent.di-filippo.fr\/index.php?rest_route=\/wp\/v2\/pages\/436\/revisions"}],"predecessor-version":[{"id":439,"href":"https:\/\/laurent.di-filippo.fr\/index.php?rest_route=\/wp\/v2\/pages\/436\/revisions\/439"}],"wp:attachment":[{"href":"https:\/\/laurent.di-filippo.fr\/index.php?rest_route=%2Fwp%2Fv2%2Fmedia&parent=436"}],"curies":[{"name":"wp","href":"https:\/\/api.w.org\/{rel}","templated":true}]}}