{"id":362,"date":"2016-05-26T06:52:22","date_gmt":"2016-05-26T06:52:22","guid":{"rendered":"http:\/\/laurent.di-filippo.fr\/?page_id=362"},"modified":"2024-10-19T08:09:00","modified_gmt":"2024-10-19T08:09:00","slug":"annexe-ii-6-specimen-lexici-runici","status":"publish","type":"page","link":"https:\/\/laurent.di-filippo.fr\/?page_id=362","title":{"rendered":"Annexe II.6 \u2013 Specimen Lexici Runici"},"content":{"rendered":"<p lang=\"fr-FR\" align=\"LEFT\"><span style=\"color: #000000;\"><span style=\"font-family: Times New Roman,serif;\"><span style=\"font-size: medium;\">Source\u00a0: Magn\u00fas \u00d3lafsson, <\/span><\/span><span style=\"font-family: Times New Roman,serif;\"><span style=\"font-size: medium;\"><i>Specimen Lexici Runici<\/i><\/span><\/span><span style=\"font-family: Times New Roman,serif;\"><span style=\"font-size: medium;\">, Hafni<\/span><\/span><span style=\"font-family: Times New Roman,serif;\"><span style=\"font-size: medium;\">\u00e6<\/span><\/span><span style=\"font-family: Times New Roman,serif;\"><span style=\"font-size: medium;\">, Impressum a Melchiore Martzan Acad. Typog., <\/span><\/span><span style=\"font-family: Times New Roman,serif;\"><span style=\"font-size: medium;\">1650.<\/span><\/span><\/span><\/p>\n<p><a href=\"https:\/\/laurent.di-filippo.fr\/?attachment_id=364\" rel=\"attachment wp-att-364\"><img loading=\"lazy\" decoding=\"async\" class=\"aligncenter size-full wp-image-364\" src=\"https:\/\/laurent.di-filippo.fr\/wp-content\/uploads\/2016\/05\/specimen-lexici-runici.png\" alt=\"specimen lexici runici\" width=\"1000\" height=\"1549\" srcset=\"https:\/\/laurent.di-filippo.fr\/wp-content\/uploads\/2016\/05\/specimen-lexici-runici.png 1000w, https:\/\/laurent.di-filippo.fr\/wp-content\/uploads\/2016\/05\/specimen-lexici-runici-194x300.png 194w, https:\/\/laurent.di-filippo.fr\/wp-content\/uploads\/2016\/05\/specimen-lexici-runici-768x1190.png 768w, https:\/\/laurent.di-filippo.fr\/wp-content\/uploads\/2016\/05\/specimen-lexici-runici-661x1024.png 661w\" sizes=\"auto, (max-width: 1000px) 100vw, 1000px\" \/><\/a><\/p>\n<p>&nbsp;<\/p>\n","protected":false},"excerpt":{"rendered":"<p>Source\u00a0: Magn\u00fas \u00d3lafsson, Specimen Lexici Runici, Hafni\u00e6, Impressum a Melchiore Martzan Acad. Typog., 1650. &nbsp;<\/p>\n","protected":false},"author":1,"featured_media":0,"parent":0,"menu_order":0,"comment_status":"closed","ping_status":"closed","template":"","meta":{"footnotes":""},"class_list":["post-362","page","type-page","status-publish","hentry"],"_links":{"self":[{"href":"https:\/\/laurent.di-filippo.fr\/index.php?rest_route=\/wp\/v2\/pages\/362","targetHints":{"allow":["GET"]}}],"collection":[{"href":"https:\/\/laurent.di-filippo.fr\/index.php?rest_route=\/wp\/v2\/pages"}],"about":[{"href":"https:\/\/laurent.di-filippo.fr\/index.php?rest_route=\/wp\/v2\/types\/page"}],"author":[{"embeddable":true,"href":"https:\/\/laurent.di-filippo.fr\/index.php?rest_route=\/wp\/v2\/users\/1"}],"replies":[{"embeddable":true,"href":"https:\/\/laurent.di-filippo.fr\/index.php?rest_route=%2Fwp%2Fv2%2Fcomments&post=362"}],"version-history":[{"count":2,"href":"https:\/\/laurent.di-filippo.fr\/index.php?rest_route=\/wp\/v2\/pages\/362\/revisions"}],"predecessor-version":[{"id":536,"href":"https:\/\/laurent.di-filippo.fr\/index.php?rest_route=\/wp\/v2\/pages\/362\/revisions\/536"}],"wp:attachment":[{"href":"https:\/\/laurent.di-filippo.fr\/index.php?rest_route=%2Fwp%2Fv2%2Fmedia&parent=362"}],"curies":[{"name":"wp","href":"https:\/\/api.w.org\/{rel}","templated":true}]}}